{"id":9,"date":"2024-02-02T18:12:04","date_gmt":"2024-02-02T18:12:04","guid":{"rendered":"https:\/\/aroshvund.se\/?page_id=9"},"modified":"2024-02-05T20:14:08","modified_gmt":"2024-02-05T20:14:08","slug":"information","status":"publish","type":"page","link":"https:\/\/www.aroshvund.se\/?page_id=9","title":{"rendered":"INFORMATION"},"content":{"rendered":"\n<p>AROS Kompani eller 214. HvUnd som vi heter utg\u00e5r fr\u00e5n Enk\u00f6ping och har sitt namn fr\u00e5n v\u00e5ra historiska huvudsakliga upptagningsomr\u00e5den V\u00e4stra- (V\u00e4ster\u00e5s) respektive \u00d6stra (Uppsala) Aros.<\/p>\n\n\n\n<p><\/p>\n","protected":false},"excerpt":{"rendered":"<p>AROS Kompani eller 214. HvUnd som vi heter utg\u00e5r fr\u00e5n Enk\u00f6ping och har sitt namn fr\u00e5n v\u00e5ra historiska huvudsakliga upptagningsomr\u00e5den V\u00e4stra- (V\u00e4ster\u00e5s) respektive \u00d6stra (Uppsala) Aros.<\/p>\n","protected":false},"author":1,"featured_media":0,"parent":0,"menu_order":0,"comment_status":"closed","ping_status":"closed","template":"","meta":{"footnotes":""},"class_list":["post-9","page","type-page","status-publish","hentry"],"_links":{"self":[{"href":"https:\/\/www.aroshvund.se\/index.php?rest_route=\/wp\/v2\/pages\/9","targetHints":{"allow":["GET"]}}],"collection":[{"href":"https:\/\/www.aroshvund.se\/index.php?rest_route=\/wp\/v2\/pages"}],"about":[{"href":"https:\/\/www.aroshvund.se\/index.php?rest_route=\/wp\/v2\/types\/page"}],"author":[{"embeddable":true,"href":"https:\/\/www.aroshvund.se\/index.php?rest_route=\/wp\/v2\/users\/1"}],"replies":[{"embeddable":true,"href":"https:\/\/www.aroshvund.se\/index.php?rest_route=%2Fwp%2Fv2%2Fcomments&post=9"}],"version-history":[{"count":15,"href":"https:\/\/www.aroshvund.se\/index.php?rest_route=\/wp\/v2\/pages\/9\/revisions"}],"predecessor-version":[{"id":226,"href":"https:\/\/www.aroshvund.se\/index.php?rest_route=\/wp\/v2\/pages\/9\/revisions\/226"}],"wp:attachment":[{"href":"https:\/\/www.aroshvund.se\/index.php?rest_route=%2Fwp%2Fv2%2Fmedia&parent=9"}],"curies":[{"name":"wp","href":"https:\/\/api.w.org\/{rel}","templated":true}]}}